{"id":11743,"date":"2018-11-27T19:35:10","date_gmt":"2018-11-27T19:35:10","guid":{"rendered":"http:\/\/cejil.z.actotal.net\/publicaciones\/aportes-de-cejil-sobre-el-adecuado-financiamiento-del-sistema-interamericano-de-derechos-humanos\/"},"modified":"2024-10-23T17:36:03","modified_gmt":"2024-10-23T21:36:03","slug":"aportes-de-cejil-sobre-el-adecuado-financiamiento-del-sistema-interamericano-de-derechos-humanos","status":"publish","type":"publicaciones","link":"https:\/\/cejil.org\/pt-br\/publicaciones\/aportes-de-cejil-sobre-el-adecuado-financiamiento-del-sistema-interamericano-de-derechos-humanos\/","title":{"rendered":"Documento de Coyuntura N\u00b0 11 &#8211; Aportes de CEJIL sobre el adecuado financiamiento del Sistema Interamericano de Derechos Humanos (Espanhol)"},"content":{"rendered":"<p>CEJIL se complace en presentar un nuevo volumen de su colecci\u00f3n Documentos de Coyuntura, compartiendo reflexiones sobre los retos y posibles solucionas en materia del financiamiento del SIDH. En ese sentido, el presente documento hace un recuento del debate hist\u00f3rico sobre financiamiento del SIDH, presenta informaci\u00f3n actualizada sobre las fuentes principales de recursos de la Comisi\u00f3n y la Corte Interamericana de Derechos Humanos, y evidencia la necesidad de un mayor compromiso de los Estados de la regi\u00f3n con nuestro sistema regional de protecci\u00f3n. Con base en la informaci\u00f3n presentada, el documento recoge una serie de recomendaciones para todos los actores involucrados en este tema. Esperamos que el presente documento de coyuntura aporte al debate sobre este importante asunto, y genere discusiones y propuestas que redunden en el fortalecimiento del SIDH.<\/p>\n<p>VER DOCUMENTO<\/p>\n","protected":false},"featured_media":11401,"template":"","meta":[],"categories":[210,230,237,248,261],"class_list":["post-11743","publicaciones","type-publicaciones","status-publish","has-post-thumbnail","hentry","category-2017-pt-br","category-documentos-de-situacao","category-fortalecimento-do-sistema-interamericano","category-justica-internacional","category-regional-pt-br"],"_links":{"self":[{"href":"https:\/\/cejil.org\/pt-br\/wp-json\/wp\/v2\/publicaciones\/11743","targetHints":{"allow":["GET"]}}],"collection":[{"href":"https:\/\/cejil.org\/pt-br\/wp-json\/wp\/v2\/publicaciones"}],"about":[{"href":"https:\/\/cejil.org\/pt-br\/wp-json\/wp\/v2\/types\/publicaciones"}],"wp:featuredmedia":[{"embeddable":true,"href":"https:\/\/cejil.org\/pt-br\/wp-json\/wp\/v2\/media\/11401"}],"wp:attachment":[{"href":"https:\/\/cejil.org\/pt-br\/wp-json\/wp\/v2\/media?parent=11743"}],"wp:term":[{"taxonomy":"category","embeddable":true,"href":"https:\/\/cejil.org\/pt-br\/wp-json\/wp\/v2\/categories?post=11743"}],"curies":[{"name":"wp","href":"https:\/\/api.w.org\/{rel}","templated":true}]}}

<p>CEJIL se complace en presentar un nuevo volumen de su colección Documentos de Coyuntura, compartiendo reflexiones sobre los retos y posibles solucionas en materia del financiamiento del SIDH. En ese sentido, el presente documento hace un recuento del debate histórico sobre financiamiento del SIDH, presenta información actualizada sobre las fuentes principales de recursos de la Comisión y la Corte Interamericana de Derechos Humanos, y evidencia la necesidad de un mayor compromiso de los Estados de la región con nuestro sistema regional de protección. Con base en la información presentada, el documento recoge una serie de recomendaciones para todos los actores involucrados en este tema. Esperamos que el presente documento de coyuntura aporte al debate sobre este importante asunto, y genere discusiones y propuestas que redunden en el fortalecimiento del SIDH.</p>
<p>VER DOCUMENTO</p>
